{"id":3785,"date":"2019-01-30T08:32:37","date_gmt":"2019-01-30T07:32:37","guid":{"rendered":"https:\/\/www.camparo.nl\/site\/?page_id=3785"},"modified":"2025-01-06T08:02:40","modified_gmt":"2025-01-06T07:02:40","slug":"senseo-in-de-boot-camper","status":"publish","type":"page","link":"https:\/\/www.camparo.nl\/site\/senseo-in-de-boot-camper\/","title":{"rendered":"Senseo in de boot \/ camper"},"content":{"rendered":"<p><\/p>\n<div id=\"mainContent\">\n<div class=\"listcontainer\">\n<div align=\"center\"><span style=\"font-family: arial, helvetica, sans-serif; font-size: 10pt;\"><a href=\"https:\/\/www.camparo.nl\/site\/senseo-in-de-boot-camper\/senseo-watt-c-1\/\" rel=\"attachment wp-att-3809\"><img fetchpriority=\"high\" decoding=\"async\" class=\"alignnone size-medium wp-image-3809\" src=\"https:\/\/www.camparo.nl\/site\/wp-content\/uploads\/2019\/01\/Senseo-Watt-c-1-300x224.png\" alt=\"\" width=\"300\" height=\"224\" srcset=\"https:\/\/www.camparo.nl\/site\/wp-content\/uploads\/2019\/01\/Senseo-Watt-c-1-300x224.png 300w, https:\/\/www.camparo.nl\/site\/wp-content\/uploads\/2019\/01\/Senseo-Watt-c-1.png 536w\" sizes=\"(max-width: 300px) 100vw, 300px\" \/><\/a><\/span><\/div>\n<\/div>\n<\/div>\n<div align=\"center\">\n<p><span style=\"font-family: arial, helvetica, sans-serif; font-size: 10pt;\">Uw eigen koffie-(pad)-apparaat op de boot of camper<\/span><\/p>\n<p style=\"text-align: justify;\"><span style=\"font-family: arial, helvetica, sans-serif; font-size: 10pt;\">Afhankelijk van de instelling van de Watt controller kunt u uw koffieapparaten gebruiken op een INVERTER van af 1200 Watt met een zuivere sinus, in stand 3 amp\u00e8re 500 watt (Senseo 7822), bij 4 amp\u00e8re 700 watt en bij 6 amp\u00e8re 920 watt. U kunt dus uw koffie-(pad)-apparaat van 1450 watt aansluiten op de Watt controller en genieten van een heerlijk kopje koffie op de boot of in de camper. De amp\u00e8re tussen de 21 en 40 amp\u00e8re met \u00e9\u00e9n\u00a0 piek van 57 A (+\/_ 1 seconde). Gemeten tussen de accu en de inverter. Watt controller op stand 6 (4 Amp\u00e8re) Senseo 1450 Watt<\/span><\/p>\n<\/div>\n<div id=\"mainContent\">\n<div class=\"listcontainer\">\n<div align=\"center\">\n<p><span style=\"font-family: arial, helvetica, sans-serif; font-size: 10pt;\">Aan te sluiten: koffie-pad-machines<\/span><\/p>\n<\/div>\n<div align=\"center\">\n<table style=\"width: 651px; height: 118px;\" border=\"0\" cellspacing=\"2\" cellpadding=\"1\">\n<tbody>\n<tr style=\"height: 107px;\" valign=\"top\">\n<td style=\"width: 265px; height: 118px;\" height=\"105\">\n<div align=\"center\"><span style=\"font-family: arial, helvetica, sans-serif; font-size: 10pt;\"><a href=\"https:\/\/www.camparo.nl\/site\/senseo-in-de-boot-camper\/senseo-7810-7822\/\" rel=\"attachment wp-att-3825\"><img decoding=\"async\" class=\"alignnone size-full wp-image-3825\" src=\"https:\/\/www.camparo.nl\/site\/wp-content\/uploads\/2019\/01\/Senseo-7810-7822.png\" alt=\"\" width=\"271\" height=\"111\" \/><\/a><\/span><\/div>\n<\/td>\n<td style=\"width: 115px; height: 118px;\" height=\"105\">\n<div align=\"center\"><span style=\"font-family: arial, helvetica, sans-serif; font-size: 10pt;\"><a href=\"https:\/\/www.camparo.nl\/site\/senseo-in-de-boot-camper\/koffie-3-2\/\" rel=\"attachment wp-att-3832\"><img decoding=\"async\" class=\" wp-image-3832 aligncenter\" src=\"https:\/\/www.camparo.nl\/site\/wp-content\/uploads\/2019\/01\/Koffie-3.png\" alt=\"\" width=\"95\" height=\"90\" \/><\/a>Medion (Aldi)<\/span><\/div>\n<\/td>\n<td style=\"width: 124px; height: 118px;\" height=\"105\">\n<div align=\"center\"><span style=\"font-family: arial, helvetica, sans-serif; font-size: 10pt;\"><a href=\"https:\/\/www.camparo.nl\/site\/senseo-in-de-boot-camper\/koffie-2\/\" rel=\"attachment wp-att-3831\"><img loading=\"lazy\" decoding=\"async\" class=\" wp-image-3831 aligncenter\" src=\"https:\/\/www.camparo.nl\/site\/wp-content\/uploads\/2019\/01\/Koffie-2.png\" alt=\"\" width=\"86\" height=\"86\" \/><\/a>Magimix M220A<\/span><\/div>\n<\/td>\n<td style=\"width: 119px; height: 118px;\" height=\"105\">\n<div align=\"center\"><span style=\"font-family: arial, helvetica, sans-serif; font-size: 10pt;\"><a href=\"https:\/\/www.camparo.nl\/site\/senseo-in-de-boot-camper\/koffie-6\/\" rel=\"attachment wp-att-3833\"><img loading=\"lazy\" decoding=\"async\" class=\"wp-image-3833 aligncenter\" src=\"https:\/\/www.camparo.nl\/site\/wp-content\/uploads\/2019\/01\/Koffie-6.png\" alt=\"\" width=\"59\" height=\"85\" \/><\/a>Essenza Krups<\/span><\/div>\n<\/td>\n<\/tr>\n<\/tbody>\n<\/table>\n<\/div>\n<\/div>\n<\/div>\n<div class=\"clearfloat\">\n<p style=\"text-align: justify;\"><span style=\"font-family: arial, helvetica, sans-serif; font-size: 10pt;\">De volgende padmachines werken op de Watt controller: Nespresso machine Magimix M220A of Essenza van Krups, Medion (Aldi) of een Philips koffiepadmachine type 7810* in stand 3 ,4 en 6 (vanaf code 04 dat herkenbaar is aan het begin van de cijfercode bijv. 04151 21 aan de onderkant) met hefboomsluiting en type 7822 zonder display.<\/span><\/p>\n<p style=\"text-align: justify;\"><span style=\"font-family: arial, helvetica, sans-serif; font-size: 10pt;\">De Senseo&#8217;s dient u handmatig uit te zetten als u voldoende koffie heeft; let dus op dat het water door blijft lopen. De Senseo Quadrante werkt alleen bij stand 6. Voor Philips koffiepadmachine: zie &#8220;Meest gestelde vragen&#8221;<\/span><\/p>\n<p style=\"text-align: justify;\"><span style=\"font-family: arial, helvetica, sans-serif; font-size: 10pt;\">Door de Watt controller maakt de koffiemachine een iets ander geluid dan u normaal gewend bent.<\/span><\/p>\n<\/div>\n<div id=\"footer_bg\">\n<div id=\"footer\">\n<div class=\"cleared\">\u00a0<\/div>\n<div class=\"cleared\" style=\"text-align: center;\">\u00a0<\/div>\n<div class=\"sitefootertext\">\n<div align=\"center\"><span style=\"font-size: 10pt; font-family: arial, helvetica, sans-serif;\">\u00a9 Camparo 2005 \/ 2025<\/span><\/div>\n<\/div>\n<\/div>\n<\/div>\n<p><\/p>","protected":false},"excerpt":{"rendered":"<p>Uw eigen koffie-(pad)-apparaat op de boot of camper Afhankelijk van de instelling van de Watt controller kunt u uw koffieapparaten gebruiken op een INVERTER van af 1200 Watt met een zuivere sinus, in stand 3 amp\u00e8re 500 watt (Senseo 7822), bij 4 amp\u00e8re 700 watt en bij 6 amp\u00e8re 920 watt. U kunt dus uw [&hellip;]<\/p>\n","protected":false},"author":1,"featured_media":0,"parent":0,"menu_order":0,"comment_status":"closed","ping_status":"closed","template":"","meta":{"_monsterinsights_skip_tracking":false,"_monsterinsights_sitenote_active":false,"_monsterinsights_sitenote_note":"","_monsterinsights_sitenote_category":0,"footnotes":""},"class_list":["post-3785","page","type-page","status-publish","hentry"],"_links":{"self":[{"href":"https:\/\/www.camparo.nl\/site\/wp-json\/wp\/v2\/pages\/3785","targetHints":{"allow":["GET"]}}],"collection":[{"href":"https:\/\/www.camparo.nl\/site\/wp-json\/wp\/v2\/pages"}],"about":[{"href":"https:\/\/www.camparo.nl\/site\/wp-json\/wp\/v2\/types\/page"}],"author":[{"embeddable":true,"href":"https:\/\/www.camparo.nl\/site\/wp-json\/wp\/v2\/users\/1"}],"replies":[{"embeddable":true,"href":"https:\/\/www.camparo.nl\/site\/wp-json\/wp\/v2\/comments?post=3785"}],"version-history":[{"count":26,"href":"https:\/\/www.camparo.nl\/site\/wp-json\/wp\/v2\/pages\/3785\/revisions"}],"predecessor-version":[{"id":5807,"href":"https:\/\/www.camparo.nl\/site\/wp-json\/wp\/v2\/pages\/3785\/revisions\/5807"}],"wp:attachment":[{"href":"https:\/\/www.camparo.nl\/site\/wp-json\/wp\/v2\/media?parent=3785"}],"curies":[{"name":"wp","href":"https:\/\/api.w.org\/{rel}","templated":true}]}}